{"id":6738,"date":"2024-11-12T10:28:24","date_gmt":"2024-11-12T09:28:24","guid":{"rendered":"https:\/\/www.assistenz-kollektiv.de\/araba-kiralama\/"},"modified":"2024-11-12T10:42:18","modified_gmt":"2024-11-12T09:42:18","slug":"araba-kiralama","status":"publish","type":"page","link":"https:\/\/www.assistenz-kollektiv.de\/tr\/araba-kiralama\/","title":{"rendered":"Araba kiralama"},"content":{"rendered":"\n<p>Yard\u0131m Kolektifi, \u00fcyelerinin a\u015fa\u011f\u0131daki takvimi kullanarak \u00f6d\u00fcn\u00e7 alabilecekleri bir araca sahiptir. Arac\u0131 kiralamak istedi\u011finiz tarihi se\u00e7in, biti\u015f saatini, ad\u0131n\u0131z\u0131, telefon numaran\u0131z\u0131 ve hepsinden \u00f6nemlisi do\u011fru e-posta adresinizi ekleyin. Rezervasyon talebinizin onay\u0131n\u0131 ve arac\u0131n kiralanmas\u0131yla ilgili t\u00fcm di\u011fer bilgileri size bu e-posta adresine g\u00f6nderece\u011fiz.  <\/p>\n\r\n      <div id=\"zhcal-root\" data-id=\"14aebfd228103fd35deffb6bafe216a1\" data-lang=\"de\"><\/div>\r\n      <script type=\"text\/javascript\" src=\"https:\/\/app.calendarapp.de\/loadcal.php\"><\/script>\r\n    \n","protected":false},"excerpt":{"rendered":"<p>Yard\u0131m Kolektifi, \u00fcyelerinin a\u015fa\u011f\u0131daki takvimi kullanarak \u00f6d\u00fcn\u00e7 alabilecekleri bir araca sahiptir. Arac\u0131 kiralamak istedi\u011finiz tarihi se\u00e7in, biti\u015f saatini, ad\u0131n\u0131z\u0131, telefon numaran\u0131z\u0131 ve hepsinden \u00f6nemlisi do\u011fru e-posta adresinizi ekleyin. Rezervasyon talebinizin onay\u0131n\u0131 ve arac\u0131n kiralanmas\u0131yla ilgili t\u00fcm di\u011fer bilgileri size bu e-posta adresine g\u00f6nderece\u011fiz.<\/p>\n","protected":false},"author":1,"featured_media":0,"parent":0,"menu_order":0,"comment_status":"closed","ping_status":"closed","template":"","meta":{"inline_featured_image":false,"footnotes":""},"class_list":{"0":"post-6738","1":"page","2":"type-page","3":"status-publish","5":"infinite-scroll-item"},"_links":{"self":[{"href":"https:\/\/www.assistenz-kollektiv.de\/tr\/wp-json\/wp\/v2\/pages\/6738","targetHints":{"allow":["GET"]}}],"collection":[{"href":"https:\/\/www.assistenz-kollektiv.de\/tr\/wp-json\/wp\/v2\/pages"}],"about":[{"href":"https:\/\/www.assistenz-kollektiv.de\/tr\/wp-json\/wp\/v2\/types\/page"}],"author":[{"embeddable":true,"href":"https:\/\/www.assistenz-kollektiv.de\/tr\/wp-json\/wp\/v2\/users\/1"}],"replies":[{"embeddable":true,"href":"https:\/\/www.assistenz-kollektiv.de\/tr\/wp-json\/wp\/v2\/comments?post=6738"}],"version-history":[{"count":3,"href":"https:\/\/www.assistenz-kollektiv.de\/tr\/wp-json\/wp\/v2\/pages\/6738\/revisions"}],"predecessor-version":[{"id":6759,"href":"https:\/\/www.assistenz-kollektiv.de\/tr\/wp-json\/wp\/v2\/pages\/6738\/revisions\/6759"}],"wp:attachment":[{"href":"https:\/\/www.assistenz-kollektiv.de\/tr\/wp-json\/wp\/v2\/media?parent=6738"}],"curies":[{"name":"wp","href":"https:\/\/api.w.org\/{rel}","templated":true}]}}

<p>Yardım Kolektifi, üyelerinin aşağıdaki takvimi kullanarak ödünç alabilecekleri bir araca sahiptir. Aracı kiralamak istediğiniz tarihi seçin, bitiş saatini, adınızı, telefon numaranızı ve hepsinden önemlisi doğru e-posta adresinizi ekleyin. Rezervasyon talebinizin onayını ve aracın kiralanmasıyla ilgili tüm diğer bilgileri size bu e-posta adresine göndereceğiz.  </p>

      <div id="zhcal-root" data-id="14aebfd228103fd35deffb6bafe216a1" data-lang="de"></div>
      <script type="text/javascript" src="https://app.calendarapp.de/loadcal.php"></script>

<p>Yardım Kolektifi, üyelerinin aşağıdaki takvimi kullanarak ödünç alabilecekleri bir araca sahiptir. Aracı kiralamak istediğiniz tarihi seçin, bitiş saatini, adınızı, telefon numaranızı ve hepsinden önemlisi doğru e-posta adresinizi ekleyin. Rezervasyon talebinizin onayını ve aracın kiralanmasıyla ilgili tüm diğer bilgileri size bu e-posta adresine göndereceğiz.</p>
