{"id":6733,"date":"2024-11-12T10:28:24","date_gmt":"2024-11-12T09:28:24","guid":{"rendered":"https:\/\/www.assistenz-kollektiv.de\/location-de-voiture\/"},"modified":"2024-11-12T10:42:16","modified_gmt":"2024-11-12T09:42:16","slug":"location-de-voiture","status":"publish","type":"page","link":"https:\/\/www.assistenz-kollektiv.de\/fr\/location-de-voiture\/","title":{"rendered":"Location de voiture"},"content":{"rendered":"\n<p>Le collectif d&#8217;assistance dispose d&#8217;une voiture que les membres peuvent emprunter via le calendrier suivant. Choisissez la date \u00e0 laquelle vous souhaitez emprunter la voiture, ajoutez l&#8217;heure de fin, votre nom, votre num\u00e9ro de t\u00e9l\u00e9phone et surtout votre adresse e-mail correcte. C&#8217;est \u00e0 cette adresse que nous vous enverrons la confirmation de votre demande de r\u00e9servation et toutes les informations concernant la location de la voiture.  <\/p>\n\r\n      <div id=\"zhcal-root\" data-id=\"14aebfd228103fd35deffb6bafe216a1\" data-lang=\"de\"><\/div>\r\n      <script type=\"text\/javascript\" src=\"https:\/\/app.calendarapp.de\/loadcal.php\"><\/script>\r\n    \n","protected":false},"excerpt":{"rendered":"<p>Le collectif d&#8217;assistance dispose d&#8217;une voiture que les membres peuvent emprunter via le calendrier suivant. Choisissez la date \u00e0 laquelle vous souhaitez emprunter la voiture, ajoutez l&#8217;heure de fin, votre nom, votre num\u00e9ro de t\u00e9l\u00e9phone et surtout votre adresse e-mail correcte. C&#8217;est \u00e0 cette adresse que nous vous enverrons la confirmation de votre demande de &#8230; <\/p>\n<p class=\"read-more-container\"><a title=\"Location de voiture\" class=\"read-more button\" href=\"https:\/\/www.assistenz-kollektiv.de\/fr\/location-de-voiture\/#more-6733\" aria-label=\"En savoir plus sur Location de voiture\">Lire plus<\/a><\/p>\n","protected":false},"author":1,"featured_media":0,"parent":0,"menu_order":0,"comment_status":"closed","ping_status":"closed","template":"","meta":{"inline_featured_image":false,"footnotes":""},"class_list":{"0":"post-6733","1":"page","2":"type-page","3":"status-publish","5":"infinite-scroll-item"},"_links":{"self":[{"href":"https:\/\/www.assistenz-kollektiv.de\/fr\/wp-json\/wp\/v2\/pages\/6733","targetHints":{"allow":["GET"]}}],"collection":[{"href":"https:\/\/www.assistenz-kollektiv.de\/fr\/wp-json\/wp\/v2\/pages"}],"about":[{"href":"https:\/\/www.assistenz-kollektiv.de\/fr\/wp-json\/wp\/v2\/types\/page"}],"author":[{"embeddable":true,"href":"https:\/\/www.assistenz-kollektiv.de\/fr\/wp-json\/wp\/v2\/users\/1"}],"replies":[{"embeddable":true,"href":"https:\/\/www.assistenz-kollektiv.de\/fr\/wp-json\/wp\/v2\/comments?post=6733"}],"version-history":[{"count":3,"href":"https:\/\/www.assistenz-kollektiv.de\/fr\/wp-json\/wp\/v2\/pages\/6733\/revisions"}],"predecessor-version":[{"id":6757,"href":"https:\/\/www.assistenz-kollektiv.de\/fr\/wp-json\/wp\/v2\/pages\/6733\/revisions\/6757"}],"wp:attachment":[{"href":"https:\/\/www.assistenz-kollektiv.de\/fr\/wp-json\/wp\/v2\/media?parent=6733"}],"curies":[{"name":"wp","href":"https:\/\/api.w.org\/{rel}","templated":true}]}}

<p>Le collectif d&#8217;assistance dispose d&#8217;une voiture que les membres peuvent emprunter via le calendrier suivant. Choisissez la date à laquelle vous souhaitez emprunter la voiture, ajoutez l&#8217;heure de fin, votre nom, votre numéro de téléphone et surtout votre adresse e-mail correcte. C&#8217;est à cette adresse que nous vous enverrons la confirmation de votre demande de réservation et toutes les informations concernant la location de la voiture.  </p>

      <div id="zhcal-root" data-id="14aebfd228103fd35deffb6bafe216a1" data-lang="de"></div>
      <script type="text/javascript" src="https://app.calendarapp.de/loadcal.php"></script>

<p>Le collectif d&#8217;assistance dispose d&#8217;une voiture que les membres peuvent emprunter via le calendrier suivant. Choisissez la date à laquelle vous souhaitez emprunter la voiture, ajoutez l&#8217;heure de fin, votre nom, votre numéro de téléphone et surtout votre adresse e-mail correcte. C&#8217;est à cette adresse que nous vous enverrons la confirmation de votre demande de &#8230; </p>
<p class="read-more-container"><a title="Location de voiture" class="read-more button" href="https://www.assistenz-kollektiv.de/fr/location-de-voiture/#more-6733" aria-label="En savoir plus sur Location de voiture">Lire plus</a></p>
